*w + 2*s + 3. Suppose -k - k - 3*j + 43 = 0, 3*k - w = -2*j. What is the units digit of k?
6
Let f(w) = w**3 + 3*w**2. Let o be f(-3). Suppose o = -0*m - m + 3. What is the units digit of (4 - m) + 30/3?
1
Let d = -27 + 41. Suppose 3*j = -5 + d. What is the tens digit of (-20)/(-30) - (-97)/j?
3
Let v(d) = d**2 + 3*d + 2. Let c be v(-3). Let t be (8/(-6))/(5*2/(-855)). Suppose -129 = -2*j - c*j - r, 3*j - 5*r = t. What is the units digit of j?
3
Let a(r) = -2*r**3 + 11*r**2 - 5*r + 4. Let h be a(5). Suppose -x = h*x. Suppose x = 3*k - 0*k - 96. What is the units digit of k?
2
Suppose 4*u - 60 = 3*u. Suppose -p = 4*p + u. What is the units digit of ((-9)/6)/(p/152)?
9
Let i = -5 - -4. Let u be (3 - (i - 0))/2. What is the tens digit of u*(-1)/(-2) + 17?
1
Let i(y) = -8*y**2 + y + 91 - 9*y**2 - 2*y**3 + 19*y**2. What is the units digit of i(0)?
1
Let m(p) = p**2 - 3*p - 2. Let b be m(4). Suppose 3*z - 15 = 0, -4*c = -b*z - 3*z + 21. What is the units digit of c?
1
Let d(p) = -p**3 + p + 1. Let u(t) = 3*t**3 + 15*t**2 + 8*t - 9. Let z(l) = 2*d(l) + u(l). What is the tens digit of z(-14)?
4
What is the hundreds digit of (-26450)/(-17) + 3*26/663?
5
Suppose -23*a + 18*a + 90 = 0. Let b = 23 - a. Suppose -3*q - b*c = 17, q = 3*c + 1 + 12. What is the units digit of q?
1
Let w = 10245 + -7109. What is the tens digit of w?
3
Let n(l) = l**3 + 2*l**2 - 2*l - 4. Let g be 24/(-20)*(-10)/4. What is the units digit of n(g)?
5
Let a(c) = 7*c**2 + 4*c + 9. Let w be a(-2). Suppose -33*s + 104 = -w*s. What is the units digit of s?
6
What is the hundreds digit of (-13)/39 + -1 + (-10958)/(-6)?
8
Suppose 0 = -0*h + 14*h - 980. What is the units digit of h*(-9)/(-6) + 3?
8
Let c(w) be the first derivative of w**4/4 - 10*w**3/3 + 8*w**2 - 11*w - 33. What is the hundreds digit of c(10)?
1
Let z(l) be the third derivative of 13*l**5/30 + l**4/12 + l**3/3 - 32*l**2. What is the tens digit of z(2)?
1
Let o(q) = 2*q**2 + 6 + q + 6 - 15. Let a be o(-2). Suppose a*h - 3*c - 13 = 14, -2 = -2*h - 2*c. What is the units digit of h?
5
Let p(r) = 4*r**2 + 5*r - 3. Let a be p(3). Suppose a = 2*m - 12. Suppose 0*j - m = -5*j. What is the units digit of j?
6
Let z(j) = 2*j**2 - 7 + 11*j + 14*j - 27*j. What is the tens digit of z(-5)?
5
Let x = -24 - -21. What is the units digit of 3 + (-1 - x) + 2?
7
Let k(g) = -g**3 + 4*g**2 - 1. Let d be k(2). Let w = -4 - -4. What is the units digit of (-21 + d)/(w - 1)?
4
Suppose -3*w = -3*j - 0*w + 177, -303 = -5*j + 3*w. Suppose 0 = 3*c - 4*c - j. Let v = -40 - c. What is the tens digit of v?
2
What is the hundreds digit of ((-30)/20)/(1/(2384/(-3)))?
1
Suppose -27*o = -30*o + 252. Suppose -48 = -4*u + o. What is the tens digit of u?
3
Let f(m) = 2*m. Let o be f(3). Let y(t) = -15 + 10 + 7 + 3*t. What is the tens digit of y(o)?
2
Suppose 7*a - 757 = 6*a. Suppose 907 + a = 8*d. What is the hundreds digit of d?
2
Suppose -50 = -0*m - m. What is the tens digit of -4 + m + (-2 - 2)?
4
Let v(a) = 254*a + 13. Let r be v(2). Let x = -365 + r. What is the tens digit of x?
5
What is the units digit of (-1702)/(-8) + 10/40 + -3?
0
Let x = 389 + -313. What is the units digit of x?
6
Let u(t) = -t**3 + 51*t + 300. What is the units digit of u(-6)?
0
Suppose 5*a + d = -65, 2*d - 5 = 3*d. Let l be 8/a + (-23)/(-3). Suppose -2*p + 5*f + l = -19, 32 = 3*p - 4*f. What is the units digit of p?
8
Suppose -23 = 2*t - b, -4*b + b = 3. Let i = 30 - t. What is the units digit of i?
2
Let t = -35 - -26. Let r(y) = -8*y + 5. What is the tens digit of r(t)?
7
Let b = -273 + 279. What is the units digit of b?
6
Let o = 138 + -180. Let a = 83 + o. What is the tens digit of a?
4
Let v = 6 + -5. Let p = v + 7. What is the units digit of p?
8
What is the units digit of (-5 - -20) + (-5)/((-5)/(-6))?
9
What is the hundreds digit of 382*(15/(-6) - (-60)/20)?
1
Suppose -i - 4*k - 29 = -4*i, -k + 33 = 5*i. Suppose i*q + 304 = 9*q. What is the tens digit of q?
5
Let x = 7920 - 4820. What is the units digit of x?
0
Suppose -3*k - 2*v = -1461, 3*v + 2231 = 5*k - 223. What is the tens digit of k?
8
Suppose -v = -4*v + 216. Suppose 5*l - 68 = v. What is the tens digit of l?
2
Suppose -k + 2*n + 463 = 0, 3*n - 2*n - 2271 = -5*k. Suppose -2*d + 620 = 4*m, -11*m + k = -8*m + 4*d. What is the hundreds digit of m?
1
Let g(o) = -o**2 - 11*o - 10. Let m be g(-8). What is the units digit of -4 + m + 1 - 0?
1
Let p = 4 - 20. Let r = p - -16. Suppose 0 = 4*l - r*l - 116. What is the units digit of l?
9
Suppose -q - 3*f - 12 = 0, q - 5*f - 23 = -f. Let j = q - -2. What is the units digit of (j - 4) + (-2 - -8)?
7
Suppose -u + 1760 = 5*m, -6*m + 5*m + 3538 = 2*u. What is the tens digit of u?
7
Let w = -391 - -908. What is the tens digit of w?
1
Let r(d) = -d - 9. Let t be r(-14). Suppose 14 + 11 = -t*s, -s - 377 = -3*g. What is the hundreds digit of g?
1
Let j(w) = 149*w + 2. Suppose b = 3*f - 5, f = -0*f - 3*b - 5. What is the tens digit of j(f)?
5
Let v = 26 - 16. What is the units digit of 5*3*38/v?
7
Suppose 12*q + 8201 = 17*q + 4*d, -1641 = -q - d. What is the thousands digit of q?
1
Suppose -3*n + 25 = 2*n. Suppose c = -13*c - 28. What is the tens digit of n*((-8)/c)/2?
1
Let v = -712 - -1068. What is the tens digit of v?
5
Let m(u) = 33*u**2 + 20*u + 43. What is the units digit of m(-5)?
8
Suppose 41 - 398 = -7*i. Suppose 76 = n + 4*b, -n + i = -5*b - 61. What is the tens digit of n?
9
Let q be (-6)/((-48)/380)*6. Let t = q + -133. What is the hundreds digit of t?
1
Suppose 7*j - 105 + 42 = 0. Let s(g) = 32*g - 17. What is the units digit of s(j)?
1
Suppose 46*q - 52*q = -2082. What is the tens digit of q?
4
Suppose 0 = 23*w - 13*w - 3520. What is the units digit of w?
2
Suppose -r - 3975 = -5*u, u - 1208 = r - 413. What is the units digit of u?
5
Suppose -38*f + 43*f - 5 = 0. What is the units digit of f?
1
Let j(o) = 12*o**2 + o - 1. Let y(g) = g**2. Let q(w) = -w + 5. Let v be q(4). Let l be y(v). What is the tens digit of j(l)?
1
Suppose 2*l - 80 = 2*b + b, -2*l - 5*b + 96 = 0. Suppose -3*t = -5*i + 95, 5*t + 105 = -4*i - i. Let f = t + l. What is the units digit of f?
8
Let g(q) = q**3 - 9*q**2 + 2. Let v be g(9). Let o = 9 + v. Suppose 0 = -4*r - 20, 3 = t + 3*r - o. What is the tens digit of t?
2
Suppose 3*l - 5*y = -0*l + 200, 0 = 2*l - 4*y - 130. Suppose -l = 6*a - 813. What is the tens digit of a?
2
Let i(f) = 12 + 4*f - f - 2*f + 0*f. Let u be i(-9). What is the units digit of (-900)/(-8)*2/u?
5
Suppose 2*g - 1 - 9 = 4*r, 3*g - 25 = r. What is the hundreds digit of (24/g)/(0 + 4/186)?
1
Let b(k) = -k**3 - 5*k**2 - 6*k - 5. Let t be b(-4). Suppose 0 = 2*h + t*c - 53, -17 = -4*c + 3. Suppose -p + h = -7. What is the units digit of p?
6
Let o(i) be the first derivative of 25*i**3/3 + 2*i**2 - 6*i - 34. What is the units digit of o(-3)?
7
Let x = 67 - -65. Let i = x + -69. What is the units digit of i?
3
Suppose 18 - 28 = 5*r, r = -4*z + 1398. What is the units digit of z?
0
Let q be -4 - 2 - (-15 + 9). Let p be (-1 + -2)/(3/(-2)). Suppose q = -p*x + 10, x - 107 = -m - m. What is the units digit of m?
1
Suppose 0 = -11*v + 764 + 776. What is the units digit of v?
0
Suppose -3*f + 1342 = 8*f. What is the hundreds digit of f?
1
Suppose -5*p + 7 + 8 = 0. Suppose -2*g + 1 = y + 3, -4*y + p*g + 25 = 0. What is the units digit of y?
4
Let d(k) = -k**2 + 10. Suppose f + 3*b - 2 = 10, -3*f = 5*b - 20. What is the tens digit of d(f)?
1
Let r = -734 - -891. What is the units digit of r?
7
Let i(q) = -5*q - 34. Let z be i(-15). Let a = z - 3. What is the units digit of a?
8
Let c = -125 - -627. What is the tens digit of c?
0
Suppose 5*y - 9346 = -c + 3409, 0 = -5*c. What is the hundreds digit of y?
5
Let m be 17/5 - (-3)/5. Suppose -201 = -m*h + 43. What is the units digit of h?
1
Suppose -4*y = 16, 4*f - 2*y - 1608 = 2*y. What is the units digit of f?
8
Suppose 24*z = 5380 + 5228. What is the hundreds digit of z?
4
Let q = 5 + -3. Let x(d) = -10*d**3 + d**2 + 7*d + 1. Let j(i) = 11*i**3 - i**2 - 8*i - 1. Let p(k) = -5*j(k) - 6*x(k). What is the tens digit of p(q)?
3
What is the units digit of (1/2)/(17/1292)?
8
Let c(u) = 104*u + 281. What is the hundreds digit of c(6)?
9
Let h(s) = 3*s + 2 + 4 - 4*s. What is the units digit of h(5)?
1
Let y(k) = 11*k + 25 - 8 - 12*k. What is the u